r when 78 is divided by b(5).
8
Suppose -1 = -5*l - 571. Let s be l/18 + 1/3. Calculate the remainder when 104/(-12)*s/4 is divided by 7.
6
Suppose 6*f = 2*f + 44. Suppose 4*b - 229 = -33. Let q = b - 18. Calculate the remainder when q is divided by f.
9
Suppose -4*v - 39 = -2*i + 21, 12 = -4*v. Suppose 4 - i = -5*p. Suppose p*o = 5*o - 23. What is the remainder when o is divided by 13?
10
Let z = 34 + -11. Calculate the remainder when z is divided by 8.
7
Let b(g) = g**3 - 13*g**2 + 18*g - 16. Calculate the remainder when b(12) is divided by 19.
18
Let q = -4 - -15. Calculate the remainder when 1*((45 - 0) + -4) is divided by q.
8
Let i(x) = x**2 - 9*x + 24. What is the remainder when 44 is divided by i(8)?
12
Suppose -10 = -2*g + 2*f + 2*f, 2*g + 4*f - 26 = 0. What is the remainder when 24 is divided by g?
6
Suppose -4*y = -2 - 22. What is the remainder when y is divided by 4?
2
Let b(y) = y**3 - 8*y**2 + 10*y - 3. What is the remainder when b(7) is divided by 5?
3
Suppose 27 = -b - 17. Let n = b - -62. What is the remainder when 70 is divided by n?
16
Suppose 0 = -3*l - 2*b - 0*b + 16, 0 = -3*b + 6. What is the remainder when (65/(-4))/((-1)/l) is divided by 22?
21
Let g(d) be the first derivative of -d**3/3 + 11*d**2/2 + d - 4. Calculate the remainder when 31 is divided by g(10).
9
Suppose -5*m + 158 - 33 = 0. What is the remainder when m is divided by 54/4 - 8/(-16)?
11
Suppose 0*t = 3*t - 126. What is the remainder when t is divided by 15?
12
Suppose -5*f - 13 + 78 = 0. Let y = 32 + -52. What is the remainder when f is divided by ((-4)/8)/(2/y)?
3
Let v = 24 + -11. Suppose 0 = 3*i + 3*q + 2*q - 9, 0 = 3*i - 2*q - 9. Let s = i - -4. Calculate the remainder when v is divided by s.
6
Let q be 4/(16/108) + -2. Let x = -18 + q. Calculate the remainder when 13 is divided by x.
6
Calculate the remainder when 11*4*12/16 is divided by 12.
9
Let u(l) = 2*l**2 - 5*l - 1. Suppose 10 = 4*a - 2. Suppose 2*x = -5*z + 75, -2*z = a*x - 45 + 4. What is the remainder when u(5) is divided by z?
11
What is the remainder when 102 is divided by 1*(-24)/6 + -1 + 40?
32
Let h(y) = -y - 2. Let r(n) = -n**2 - 7*n. Let d be r(-6). Let q = 0 + d. Calculate the remainder when q is divided by h(-6).
2
Let f = -12 + 10. Calculate the remainder when 26 + (-2 - f)/3 is divided by (-34)/(-4) + (-2)/(-4).
8
What is the remainder when ((-6)/15)/((-2)/60) is divided by 7?
5
Suppose 2*m - 3 = 5*a + 45, -4*m = -5*a - 76. Calculate the remainder when 68 is divided by m.
12
Calculate the remainder when 100/25 - 3*6/(-2) is divided by 4.
1
Let y be (-4)/(-14) - (-122)/14. Let d be ((-9)/(-3))/(y/6). Suppose -d*h - 16 + 98 = 0. What is the remainder when h is divided by 11?
8
Suppose 2*r - 34 = 5*c, r - 2*r + 15 = -2*c. Calculate the remainder when (18/(-5))/(18/(-135)) is divided by r.
6
Let t(u) = u**3 + 3*u**2 + 2*u - 6. What is the remainder when 322 is divided by t(3)?
52
Let q = 12 - 13. Let i(t) = 10*t**2 - t. Calculate the remainder when 19 is divided by i(q).
8
Let p = -83 - -166. Suppose -k - 2*y = -51, 60 = 3*k + y - p. Calculate the remainder when k is divided by 12.
11
Let c = 58 - 33. Suppose -c = -5*a, -5*f + 0*f + a + 50 = 0. What is the remainder when 21 is divided by f?
10
Let w(d) = -3*d**2 - d + 4*d**2 - d + d. Calculate the remainder when w(-3) is divided by 5.
2
Let y be (76/6)/((-2)/(-12)). Suppose 2*m + 2*m = y. Let i = -7 + 14. What is the remainder when m is divided by i?
5
Let s(m) = 7*m**2 + 9*m + 4. Let p(t) = 6*t**2 + 8*t + 4. Let k(i) = 6*p(i) - 5*s(i). What is the remainder when 21 is divided by k(-4)?
5
Let f be 1 - (-1)/(-2)*6. Let d(y) = -2*y - 1. Let m be d(f). Suppose -m*z = -102 + 27. Calculate the remainder when z is divided by 13.
12
Let g(y) = -9*y - 9. Let t(a) = 4*a + 4. Let b(z) = 3*g(z) + 5*t(z). What is the remainder when 54 is divided by b(-3)?
12
Suppose -4*y + 9*y = -4*z - 42, 5*y + 60 = 5*z. Let p = 19 + y. Suppose 0 = 2*n - 2*g - 52, 2*n = -g + 47 + 5. Calculate the remainder when n is divided by p.
8
Let w = 33 + -23. What is the remainder when w/((9/12)/3) is divided by 14?
12
Let o(a) = -a**3 - 6*a**2 + 5*a + 17. Calculate the remainder when 61 is divided by o(-7).
30
Let s = -24 + 28. Let u = -16 + 23. What is the remainder when u is divided by s?
3
Suppose 2*o - 13 = 7. Let h(l) = -4*l + 12 - 2*l - 5*l + l**2. What is the remainder when 4 is divided by h(o)?
0
Let h = -67 - -33. Let l = -14 - h. Suppose 0 = -f + 4*f - 114. Calculate the remainder when f is divided by l.
18
Suppose 0*j - 3*j = -90. Let c(w) = w**2 - 2*w + 1. Let b(o) = o**2 + 4*o. Let n be b(-3). What is the remainder when j is divided by c(n)?
14
Let a(r) = -r + 7. What is the remainder when a(4) is divided by 225/81 + ((-16)/18)/(-4)?
0
Let c(k) = k**3 + 5*k**2 - 3*k - 1. Calculate the remainder when 54 is divided by c(2).
12
Suppose k + 13 = 2*k. What is the remainder when 22 is divided by k?
9
Suppose -7*i + 12*i - 115 = 0. Calculate the remainder when 68 is divided by i.
22
Let k = -26 - -102. Suppose 0 = -4*r + 8*r - 64. What is the remainder when k is divided by r?
12
Let x(z) = z**2 - 16*z. Let s be x(16). Suppose f - 4 = s, 0 - 44 = -4*k + 3*f. Calculate the remainder when k is divided by 5.
4
Suppose -3*q = 2*q + 990. Let d = -43 - q. Suppose -3*l - d = -5*u - 0*l, 0 = -2*l. What is the remainder when u is divided by 16?
15
Suppose -4*d = -6*d + 12. Let i = d + 4. Calculate the remainder when 39 is divided by i.
9
Let z = -17 - -5. Let h = -11 - z. Suppose -3*m - 7 = 2*o, m - o - 3 = 3*m. Calculate the remainder when m is divided by h.
0
Suppose -2*q - 22 = -2. Suppose 86 = 5*b + u, u = 3*b - u - 62. Let c = q + b. What is the remainder when 22 is divided by c?
6
Let q = 34 - 23. What is the remainder when 2*(105/6 + -2) is divided by q?
9
Suppose 0 = 4*c - 9 - 11. Calculate the remainder when 3*(-6)/9 - -37 is divided by 2/5 + 58/c.
11
Suppose 2*y + 290 = 7*y. Calculate the remainder when (-14)/63 - y/(-18) is divided by 2.
1
What is the remainder when ((-21)/4)/((-18)/120) is divided by 2/3*6*3?
11
What is the remainder when 138/8 - (-8)/(-32) is divided by 5?
2
Let i = 24 - -72. Suppose 5*h - i = -26. Calculate the remainder when 27 is divided by h.
13
Let j be ((-4)/6)/((-2)/6). Suppose -j*a + 0 = 2, 6 = p - 2*a. Suppose v - 2*v + 27 = 4*y, 2*y - 16 = 2*v. Calculate the remainder when y is divided by p.
3
Let s = -6 + 8. Suppose -l + 118 = 4*z, 2*l - s = -z + 24. What is the remainder when z is divided by 16?
14
Let u = 52 + -32. What is the remainder when u is divided by 11?
9
Suppose -3*h + 15 = 3, 2*a = 5*h + 30. What is the remainder when a is divided by 13?
12
Suppose -5*k + 2*k = 3*j - 3, -5*j = -4*k - 41. Suppose 5*c - j*u + 1 - 11 = 0, 2*c = -3*u - 21. Let x = 7 + c. What is the remainder when x is divided by 2?
0
Suppose 0*q = 4*q. Let o be (2 - (q + 2))/(-1). Calculate the remainder when 8 is divided by (-3)/(3/(-5)) + o.
3
Let c = -2 - -18. Let l = 12 - 8. Suppose 5*z - 21 = 2*q + 18, l*z - 30 = 2*q. What is the remainder when c is divided by z?
7
Suppose 0 = 3*a - a + 5*s - 122, 5*s + 46 = a. What is the remainder when 220 is divided by a?
52
Let a be 1*3 - (-6 - -9). Suppose 0 = -0*n + 5*n - 5. What is the remainder when (a - n)/((-2)/22) is divided by 4?
3
Let x(t) = 5*t + 8. What is the remainder when x(1) is divided by 11?
2
Let d(t) = 3*t**2 - 2*t - 3. Calculate the remainder when d(-3) is divided by 17.
13
Let k = 2 + 2. Let j(l) = -l**3 + 4*l**2 + 3*l - 3. Let b be j(k). Suppose -o = o + 3*w - 28, -w = -o + b. What is the remainder when 20 is divided by o?
9
What is the remainder when (1 - 144/4)*-2 is divided by 18?
16
Let u = -39 - -51. Calculate the remainder when 33 is divided by u.
9
Let h(p) = 1 + 0*p + p + 0*p. What is the remainder when h(4) is divided by 2?
1
Let o(s) be the third derivative of -s**4/6 + s**3/3 - 2*s**2. What is the remainder when o(-6) is divided by 150/20*(-12)/(-10)?
8
Suppose 4*g - 9 - 11 = 0. Suppose 0 = g*l - 4*z - 219, -5*z - 11 = -31. Calculate the remainder when l is divided by 16.
15
Let k(l) = 9*l**2 + 4 - 9*l - 4 - 2 - l**3. Let g be k(7). Let i = g + -15. What is the remainder when i is divided by 10?
8
What is the remainder when 47 is divided by (-465)/(-35) + 6/(-21)?
8
Calculate th